= -461*m - 460*m - 454*m + 96 + 1379*m. Calculate c(-27).
-12
Let z = -15 - -13. Let p be z/7 + (-47)/7. Let m(l) be the first derivative of -l**2/2 - 3*l + 35. Give m(p).
4
Let c be ((45/(-25))/3)/(3/(-20)). Let t(u) be the second derivative of 0 + 3*u + 3/4*u**c + 13/2*u**2 - 3/2*u**3 + 1/20*u**5. What is t(-10)?
3
Let a = 62 + -62. Let g be 2 + (3 + -2)*(a - -3). Suppose -p = -g*p - 4. Let r(n) = -4*n**3 - 1. Give r(p).
3
Let t(n) = 2*n - 22. Let v be t(11). Suppose -2*c - 3 + 11 = v. Let q(j) = j**2 - 5*j + 2. Determine q(c).
-2
Let u(r) = -r**2 + 2*r - 3. Let k(y) = y**3 - 5*y**2 + 24*y - 62. Let t be k(6). Suppose -t*p - 14 = -125*p. Give u(p).
-3
Let b(x) = 38*x + 700 - 687 - x**2 - 57*x. Determine b(-23).
-79
Suppose 2*v = 4*n + 20 + 2, -5*v = 2*n - 79. Suppose -5*i - 130 = -v*i. Let p(b) = -6*b + 18*b - 2 - i*b. Calculate p(-3).
1
Let r(u) = -u**2 + 2. Let p be r(-2). Let d(g) = -183*g**2 + g + 859*g**2 - 677*g**2 - g**3 + 2. What is d(p)?
4
Let j = -3184 + 3185. Let a(s) = s**3 + s**2 - 3*s + 1. Determine a(j).
0
Suppose 20*r - 23*r - 15 = 0. Suppose -2*n - 2*c + 25 = 3*n, -n + 5 = -5*c. Let a(h) = -6*h**2 - 4 - n*h + h**3 - h - 2*h**3. What is a(r)?
1
Let v(i) = -i**3 - 17*i**2 - 54*i - 19. Let l = 3276 - 3289. Give v(l).
7
Let v(d) = d**2 + d - 2. Suppose 3*h + 0*h - p = -1234, p - 823 = 2*h. Let a = -408 - h. Calculate v(a).
10
Suppose 66 = -3*o + 51. Let f(s) = 0*s + 51 - 58 - 2*s. What is f(o)?
3
Suppose 65 = -149*m + 136*m. Let d be (m + 4)*(0 + 0). Let k(t) = -t**3 + t - 10. What is k(d)?
-10
Let p(a) = -3*a - 12. Let h(w) = -w**2 - 18*w - 73. Let t be h(-7). Suppose -4*l - t*q - 8 = 0, 5*l + 2*q + 28 = 6. Determine p(l).
6
Let z = 0 - -1. Let s(c) be the first derivative of -14*c**3/3 + c**2/2 - c + 3875. Determine s(z).
-14
Let p be (-27 - -16) + 1/1. Let v(f) = f + 16. Determine v(p).
6
Suppose 17*z = -5*d + 15*z + 451, -5*d + 5*z = -430. Let l(q) = 45*q + 42*q + 1 - d*q. Determine l(2).
-3
Let u(s) = 4*s - 2. Let m(p) = -5*p + 4. Let k(g) = -9*m(g) - 11*u(g). Give k(-4).
-18
Let u = -16632 + 16600. Let a(q) = -q**3 - 33*q**2 - 38*q - 189. Determine a(u).
3
Suppose 5*i - 106 = -2*n, 3*i - 4*n - 17 - 31 = 0. Suppose -5*k + i + 75 = 0. Let s(g) = -2*g - 1 + 20*g**3 + 6*g - k*g**3 + 6*g**2. Determine s(-5).
4
Let s(m) be the first derivative of -8 + 1/6*m**3 - 2/3*m**4 + 8*m + 1/2*m**2. Let z(t) be the first derivative of s(t). What is z(-1)?
-8
Let g(p) = -p**2 - 11*p - 572152 - 2*p + 572150. Calculate g(0).
-2
Let i(p) = -683*p**3 - 23 + 2047*p**3 - 686*p**3 - 18*p**2 - 679*p**3. Determine i(-18).
-23
Let g(o) = -9*o**2 + 3*o + 1. Let w(y) = 38*y**2 - 16*y - 4. Let q(r) = -4*g(r) - w(r). Let u(t) = t**2 + 4*t - 2. Let h be u(-5). What is q(h)?
-6
Let w(d) = 5*d**3 - 19*d**2 - 16*d + 26. Let k(v) = -14*v**3 + 56*v**2 + 47*v - 79. Let o(z) = 6*k(z) + 17*w(z). Determine o(-12).
-8
Let c(h) = 2*h + 1. Let m(w) = w**2 - 21*w + 105. Let t be m(13). Let i(p) = -27*p - 12. Let l(a) = t*i(a) + 12*c(a). Determine l(3).
-9
Let u(p) = -p**2 + p - 1. Let i be u(3). Let m(j) be the second derivative of j**4/12 + 7*j**3/6 - 7*j**2/2 + 2387*j. What is m(i)?
-7
Let q(u) = 3*u + 7. Let f be (-36)/(-8) - (-6)/4. Suppose 30 = -5*n - 5*g, 0*n + n = 2*g - f. Let j be 10/n*(-3 - -6). Give q(j).
-8
Let b = -303 + 300. Let z(l) = -2*l**2 + 14*l + 25. Let f(d) = -d**2 + 6*d + 12. Let p(s) = b*z(s) + 7*f(s). Determine p(-4).
-7
Suppose 23*k + 85 = 2*k - 20. Let m(x) = x**3 + 4*x**2 + 3. Give m(k).
-22
Let y(b) = -9 - 25*b + 9*b + 13*b. Let q be y(-21). Let m = -48 + q. Let l(d) = d**3 - 5*d**2 - 5*d + 1. What is l(m)?
7
Let h = 1 + -7. Let s(j) = j**3 - j**2 + j. Let b(d) = 5*d**3 - 13*d**2 - 6. Let l(p) = -4*p**2 + 1. Let i be l(0). Let v(a) = i*b(a) - 6*s(a). Determine v(h).
-6
Let r(x) = 8*x + 4. Let s(v) = -v**3 + 4*v**2 + 3*v - 3. Let b be s(1). Suppose 0 = -4*q - 19 + b, 4*i = 2*q - 8. What is r(i)?
-28
Let s be -15*((-8)/(-3) - 3). Suppose -s = -i + 3*b, 0*i + 48 = 3*i + 2*b. Suppose 48*m - i = 46*m. Let p(u) = -u. What is p(m)?
-7
Suppose 0 = -4*p - 2*s + 42, -2*p - p - 3*s + 36 = 0. Let l(a) = 5*a**2 - 15*a + 11. Let m(g) = -9*g**2 + 29*g - 21. Let o(q) = 7*l(q) + 4*m(q). Determine o(p).
11
Suppose q - 252 = 304. Let x = 550 - q. Let t(l) = -l**2 - 4*l + 5. Calculate t(x).
-7
Let o = -271 + 274. Let u(f) = 2*f**2 + 6*f**2 - 3 + f - 5*f. Let n(b) = 7*b**2 - 3*b - 2. Let s(c) = o*n(c) - 2*u(c). What is s(-1)?
6
Let m(j) = j**2 - 13. Let o(i) = i - 4. Let l be o(10). Suppose l*y - 7*y - 5*g = 20, -16 = 4*g. Determine m(y).
-13
Let o(s) be the third derivative of s**4/24 - 2*s**3/3 + 92*s**2. Let w(u) = u**2 + 4*u - 21. Let p(j) = 5*o(j) - w(j). Determine p(3).
-5
Suppose -46 = -4*r - 2*u, -5*u = -r - 9*u + 22. Let v be 24/r + 3/5. Let c(m) = m**2 - 3*m**3 - 6*m**3 + m + 11*m**v - 1. Calculate c(1).
3
Let p be (-5)/(-7) + (-330)/(-77). Let m(l) = -74*l + 76*l - 3 + p. Let h be 0/(-2) + 6/(-3). Determine m(h).
-2
Let x = 9 + -6. Suppose -a = 4*u - 25, -3*u - 3 = -4*u + x*a. Let d(h) = -55*h + 32. Let z(g) = g**2 + 323*g - 200. Let j(s) = 6*d(s) + z(s). Calculate j(u).
-14
Let f(c) = c**3 + 5*c**2 - 9*c - 24. Suppose 4*y = -2*q - 40, 791*y - 796*y = 3*q + 54. Give f(y).
-6
Let p(z) = 32 - 200*z - 170*z + 5 + 366*z. Give p(9).
1
Let g = -4818 + 4820. Let j(c) be the second derivative of 1/20*c**5 - 1/2*c**4 + 0 - 14*c + 1/2*c**g + 0*c**3. Calculate j(6).
1
Let w(u) = -22*u + 16. Let x(k) = 12*k - 9. Let y(n) = -3*w(n) - 5*x(n). Let a(j) = -7*j + 14. Let p be a(5). Let s(c) = c + 25. Let b be s(p). Determine y(b).
21
Let k(i) be the first derivative of 37 + 0*i**2 - 1/4*i**4 + 4*i - 1/3*i**3. What is k(-3)?
22
Let n(j) = j**2 + 7*j - 6. Suppose -5*w - 90 = -5*m, 4*w - 48 = -2*m + 3*w. Let l = 36 - 4. Suppose m*a - 18*a = -l. Calculate n(a).
2
Let h(c) = -c**3 - 13*c**2 - 12*c. Suppose -63*f = -58*f. Suppose f = -19*t + 18*t - 12. What is h(t)?
0
Let t(n) = n**2 + 15*n + 42. Let l be 6/(-3)*306/(-85)*(-15)/12. Give t(l).
-12
Suppose 0 = 2*s - 7*s + 15. Let n(h) = -1 - 8*h - 34*h**2 + s + h**3 + 28*h**2. Let g(o) = o**3 - 6*o**2 - 8*o + 3. Let q(y) = 7*g(y) - 6*n(y). Give q(7).
2
Let y be (30/(-3 - 3))/(-1). Suppose -7*a - 12 = -4*a + 3*k, -k = y*a + 20. Let l(m) = -m**3 - 3*m**2 + 5*m + 7. Determine l(a).
3
Let b = 387 + -386. Let a(y) = -7 + 1 - 4 - b - y. Give a(-7).
-4
Let f(r) = -r**3 - 36*r**2 - 6*r - 219. Suppose 0 = -7906*a + 7941*a + 1260. Give f(a).
-3
Let n(j) = -3*j**2 - 20*j - 10. Let l be n(-6). Let a(z) = -z**l + 7*z + 7 - 28 + 14. What is a(5)?
3
Let a(d) = -43 + d - d**3 - 15 + 46*d**2 - 31*d**2 + 37. Give a(15).
-6
Let y(m) = -m**2 - 6*m + 1. Let t(o) = 7*o + 24. Let k be t(-3). Suppose 2*d + 3*p + 2*p + 27 = 0, 5*p = k*d + 3. Give y(d).
1
Suppose -19*r + 84 = -5*r. Suppose -r*g = -15*g - 108. Let a(f) = f**2 + 12*f + 13. Calculate a(g).
13
Let s(z) be the first derivative of z**2/2 - z + 6412. Let f = 2 - 2. Give s(f).
-1
Let r be ((-3)/(-2))/((-6)/(-32)). Let p(o) = -7 - 7 - o + 31 - 5 - 6. Determine p(r).
-2
Let s be 3*(-1 + (-6)/(-9)). Let w(r) = -6*r**2 + 7*r. Let o(t) = 2*t**2 - 3*t. Let c(f) = 9*o(f) + 4*w(f). What is c(s)?
-7
Let u(m) be the first derivative of m**2/2 - 7*m - 29. Let t = -6 + 11. Suppose n + 1 = -l + 8, -t*l = n - 55. Give u(l).
5
Let h(p) be the third derivative of -1/120*p**6 - 3*p**2 + 1/60*p**5 + 1/6*p**4 + 0*p - 5 + 0*p**3. Determine h(3).
-6
Let b be (27/28 - 30/(-105))/((-39)/(-24) + -1). Let v(q) = -q**3 + q**2 + 1. Let z(u) = 5*u**3 - 6*u**2 - 2*u - 3. Let o(a) = -4*v(a) - z(a). What is o(b)?
3
Let w(n) be the first derivative of -n**4/4 + 4*n**3/3 - n**2/2 + n - 10. Let i be 15*(140/50 - (-2)/(-1)). Let v be ((-8)/24)/((-1)/i). Give w(v).
-3
Let z(i) = 7*i + 67337 - 67065 - 40*i. What is z(8)?
8
Let j(h) = h**3 - 3*h**2 - 2*h + 3. Suppose -c = -4*p - 2, -5*c - 213*p + 10 = -215*p. Calculate j(c).
-5
Let j be ((-12)/10)/((72/(-30))/4). Let z be 2/(-6)*0/j. Let t(r) = r**3 - r**2 - r - 11. Calculate t(z).
-11
Suppose -35*p + 77 = 7. Suppose 2*b + p*y = 2, -4*b = -y + 3 - 2. Let n(x) be the third derivative of x**5/60 + x**4/24 + x**3/6 - x**2. What is n(b)?
1
Let a(p) = -p + 13. Let r(z) = -2*z + 25. Let i(l) = 11*a(l) - 6*r(l). Let o(s) = -s**3 + 47*s**2 + 43*s + 247. Let q be o(48). Give i(q).
0